Suppose -7*o - 3*l = -2*o - b, -4*o + 564 = 4*l. What are the prime factors of o?
2, 71
Let x(c) = 50*c - 161. List the prime factors of x(30).
13, 103
Suppose 9*g - 11*g - 38 = 0. Let q = -15 - g. Suppose -1 = q*x - 33. What are the prime factors of x?
2
Let p = 1073 + -625. What are the prime factors of p?
2, 7
Suppose -2*k = -1935 - 277. List the prime factors of k/4 - (-4)/(-8).
2, 3, 23
Let m = -66 + 16. Let a(y) = -6*y + 31. Let r be a(-7). Let s = m + r. What are the prime factors of s?
23
Let a(r) = -49*r - 247. List the prime factors of a(-12).
11, 31
Let i(c) = -3*c**2 + 2*c + 13. Let k be i(4). List the prime factors of (5 + k/6)/(2/148).
37
Let r(q) = -68*q**3 - 15*q**2 + 4*q - 6. What are the prime factors of r(-3)?
3, 11, 17
Let u = 60 - 48. List the prime factors of ((-45)/u)/5 + (-934)/(-8).
2, 29
Let b be 0 - (-1 + (-1 - 249/3)). Suppose 4*f = h + 198, -4*f - 3*h + b = -105. List the prime factors of f.
7
Let z(v) = 3*v**3 + 2*v**2 - 3*v + 3. Let q be 4/8*-2*-2. What are the prime factors of z(q)?
29
Let h = 107 + -55. Suppose 5*m = 4*i + 1 + 17, i + 21 = 4*m. Suppose 3*t - 4*b = h, -b - 98 = t - m*t. List the prime factors of t.
2, 5
Let a(i) = 16*i**3 + 7*i**2 - 24*i + 3. What are the prime factors of a(4)?
7, 149
Let d be ((-4)/(-6))/(1/(-18)). Let i be 162*((-20)/d + -1). Suppose -5*o + i + 27 = 0. What are the prime factors of o?
3
Let u(k) = -k - 2. Let v be u(-2). Suppose 4 = 2*i - v. Suppose 4*p - 2 - i = 0, -p - 18 = -x. List the prime factors of x.
19
Let n(h) = 4*h + 13. Let b be n(-6). What are the prime factors of (-2*(-1)/(-8))/(b/1804)?
41
Let j = 181 - 289. Let m = -41 - j. List the prime factors of m.
67
Suppose -7*u - 12 = -9*u. Suppose 0 = -7*l + u*l + 175. What are the prime factors of l?
5, 7
Let m(t) = -3*t - 3. Let k(p) = 1. Let s(h) = -2*k(h) - m(h). List the prime factors of s(13).
2, 5
Let o = -38 + 35. What are the prime factors of (17 + 0/o)*7?
7, 17
Let s = -21 - -33. Let g = 14 - s. Suppose -14 = -4*h - g. What are the prime factors of h?
3
Let j(p) = -44*p + 9. Let d be j(-5). Suppose 5*x - d = 91. What are the prime factors of x?
2
Let q(v) = v - 16. Let g be q(7). Let t(d) = -1 + 14*d - 8*d - 9*d. What are the prime factors of t(g)?
2, 13
Let u be (69/(-21) - -3)*-14. Suppose -3 - 21 = u*r. Let q(y) = y**2 + 3*y - 14. What are the prime factors of q(r)?
2
Let j(s) = 4*s**3 + 11*s**2 + 10*s - 9. Let f(d) = 5*d**3 + 12*d**2 + 11*d - 8. Let v(l) = 3*f(l) - 4*j(l). List the prime factors of v(-8).
2, 17
Suppose -14*c - 198 = 152. Let s = c + 44. List the prime factors of s.
19
Suppose -3*m - y + 2023 = 0, 3747 = 4*m - 3*y + 1041. List the prime factors of m.
3, 5
Let a(c) = -3*c**3 - 4*c + 6*c**2 + 2*c**3 - 1 + 8. Let f = -56 - -61. List the prime factors of a(f).
2, 3
List the prime factors of 39/(((-1)/(-39))/(15/45)).
3, 13
What are the prime factors of (-373 - -1)/(6 + 12 + -20)?
2, 3, 31
Let q be (-2 + 2)/3*1. Suppose q = -3*k + 12, -378 = -5*w + 2*k + k. List the prime factors of w.
2, 3, 13
Suppose 20 = -4*h + 9*h. Suppose -2*a = h*l - 182, 2*a + l = -0*l + 167. List the prime factors of a.
3
Suppose -2*t + 3*t + 208 = 0. Let n = -146 - t. What are the prime factors of n?
2, 31
Suppose i + 4578 = 7*i. List the prime factors of i.
7, 109
Suppose -2*o - 3*h + 540 = 0, -o + 270 = 7*h - 4*h. List the prime factors of o.
2, 3, 5
Let v = -2 + 10. Let l be (2/2)/(v/(-16)). List the prime factors of 2/(-3)*33/l.
11
Suppose 5*u = -5*k + 35, 3 = 3*u - 3*k + 6. Suppose 2*j = -u + 13. Suppose 3*a - 4*y - 21 = -3*y, 2*a = -j*y + 14. What are the prime factors of a?
7
Let b(i) = -i + 9. Let s be b(6). Suppose -m - s*m + 4*f - 16 = 0, -f = 3*m + 12. List the prime factors of m/8 + (-25)/(-2).
2, 3
Suppose 5*h - 1072 = -192. List the prime factors of h.
2, 11
Suppose 0 = -0*f + 3*f - 5*n - 3811, -n = 5*f - 6389. List the prime factors of f.
1277
Let h = 4 - 12. Let r = 11 + h. Suppose 155 = r*v - 2*d, -4*d - d + 29 = v. List the prime factors of v.
7
Suppose 3*f - 5*l - 387 - 43 = 0, -f + 4*l = -141. What are the prime factors of 4 + (-1 - 4) + f?
2, 3
Suppose -r + 0*c - 5*c - 99 = 0, -2*c - 271 = 3*r. Let s = r - -168. What are the prime factors of s?
79
Let l(p) = 29*p + 12. Let a(b) = -b**2 - 6*b + 6. Let s be a(-6). What are the prime factors of l(s)?
2, 3, 31
Let g(d) = -20*d - 39. What are the prime factors of g(-18)?
3, 107
Let i be (-24)/12 + (-12)/(-2). Suppose -5*h + 139 = -2*b - 0*b, 0 = -3*h + i*b + 89. What are the prime factors of h?
3
Suppose 4*z + n - 2*n - 3 = 0, 5*z + 5*n = 35. Suppose -5*y = p - y - 26, z*p = -y + 66. What are the prime factors of p?
2, 17
Suppose 0 = 26*m - 0*m - 81484. What are the prime factors of m?
2, 1567
Let l be (-30)/4*(-42)/105. Let y = 175 - l. What are the prime factors of y?
2, 43
Let g be (2 + (-21)/12)*8. Suppose -4*t + 114 = -g*t. List the prime factors of t.
3, 19
Let x(p) = p**2 - 9*p - 9. Let m be x(7). Let i = m - -25. List the prime factors of -1*(1 + i) - -31.
2, 7
Suppose -2*b = 4*i + 2*b - 8, b = -3. Suppose 0*y - 540 = -i*y. List the prime factors of y.
2, 3
Let t(p) = 11*p**2 + 28*p - 51. What are the prime factors of t(16)?
3, 7, 17
Let f be (18 - 1)*(-2)/3*-33. Let v = f + -242. List the prime factors of v.
2, 3, 11
Suppose t - 2*s - 598 = 0, 0*s - s = -5*t + 3026. What are the prime factors of t?
2, 3, 101
Let d be 1 + 3 - 4/2. Let n be 0 - (d*-2 - 3). Let k = n - -5. What are the prime factors of k?
2, 3
Let i(w) = 2*w**2 - 3*w - 6. Let c be i(-9). Suppose 2*u - 158 = -2*o, 3*u - 2*o - 39 = c. List the prime factors of u.
2, 19
Suppose 1055 = 5*u + 5*w, 5*w + 328 = 4*u - 525. Suppose -4*x + 248 = m - u, 230 = 2*x + m. List the prime factors of x.
5, 23
Suppose 91 + 161 = -4*m. Let x = -18 - m. What are the prime factors of x?
3, 5
Let z(d) = 28*d**2 - 18*d + 58. List the prime factors of z(6).
2, 479
Let t = -236 - -345. Let d = t - -53. List the prime factors of d.
2, 3
Let y be ((-1010)/8)/((-17)/4 + 4). Let i = y + -291. What are the prime factors of i?
2, 107
Suppose s + 3*s = 12. Suppose -j = -4*y - 16, -y + 15 = -s*j - 2*j. Let r = 5 - j. List the prime factors of r.
3
Suppose 3*q + 5*x = -11 - 6, 0 = 5*q + 5*x + 25. Let r(l) = 12*l + 13. Let s be r(q). Let z = -26 - s. What are the prime factors of z?
3
Let l = 136 + 340. What are the prime factors of l?
2, 7, 17
Let g = -1014 - -1506. List the prime factors of g.
2, 3, 41
Let f = 23 - -5. Let q be (-144)/30*(-10)/4. List the prime factors of 630/f*q/10.
3
Let o = -3 - 5. Let n(w) be the second derivative of w**5/20 + 5*w**4/6 + 13*w**3/6 - 5*w**2/2 - 61*w. What are the prime factors of n(o)?
19
Let r(u) = -u**2 + 6*u + 7. Let n be r(7). Let p be n/(-2 - (1 - 4)). Suppose p = -3*m - 1 + 94. List the prime factors of m.
31
Suppose 25 = 5*u - 4*s, -2*u + 4*s = -0*s - 22. Let g(p) = 55*p**3 + p**2 - 1. List the prime factors of g(u).
5, 11
Suppose -2*v + 90 = 92. Let l = -153 - 189. List the prime factors of v/(-2) - l/12.
29
Suppose -4*i - 1400 = -4*a, 2*i = -2*a - 2*a + 1376. What are the prime factors of a?
2, 173
List the prime factors of (-7)/(119/(-8039)) - 6/(-51).
11, 43
Let m(z) = -15*z - 4. Let u(v) = v. Let n(l) = -m(l) - 6*u(l). Let r = 8 - 3. List the prime factors of n(r).
7
Let g = 35 - 77. Let m = g + 90. List the prime factors of m.
2, 3
Suppose 2*w + 0*w = -4, -350 = -5*g - 5*w. Suppose a - 23 = 4*a - 4*k, -4*a = 5*k + g. Let n = -9 - a. What are the prime factors of n?
2
Let w(m) = 10 - 31 - 35*m + 0*m. List the prime factors of w(-3).
2, 3, 7
List the prime factors of 263 + (19/(-9) - 11/(-99)).
3, 29
Let f be 45/30*8/6. Let v = -9 + f. Let i(c) = 2*c**2 + 11*c + 7. List the prime factors of i(v).
2, 7
Let w = 27 - 51. List the prime factors of 3 + (16 + -1)*w/(-40).
2, 3
Let k be (-9)/(-5) + (-4)/(-20). Let v = -28 - -30. Suppose -153 = -4*o + v*u + 23, o + k*u - 39 = 0. List the prime factors of o.
43
Let o = -1702 - -2983. List the prime factors of o.
3, 7, 61
Let u(i) = -i + 22. Let k be u(13). Suppose 12*c = k*c - 6. What are the prime factors of c/((-4 - -3)/3)?
2, 3
Let b = 8 - 5. Let p be (-992)/(-40) + (-8)/10. Suppose 6 + p = b*r. What are the prime factors of r?
2, 5
Let q(l) be the first derivative of l**3/3 + l**2 - 6*l - 2. Let k be 2/3*(-7 - 2). Wha